{"id":287,"date":"2025-10-24T18:40:40","date_gmt":"2025-10-24T18:40:40","guid":{"rendered":"https:\/\/reiten-am-jakobushof.de\/?page_id=287"},"modified":"2025-11-17T20:25:37","modified_gmt":"2025-11-17T20:25:37","slug":"reitabzeichen-pferdefuehrerschein","status":"publish","type":"page","link":"https:\/\/reiten-am-jakobushof.de\/?page_id=287","title":{"rendered":"Reitabzeichen &#038; Pferdef\u00fchrerschein"},"content":{"rendered":"\t\t<div data-elementor-type=\"wp-page\" data-elementor-id=\"287\" class=\"elementor elementor-287\" data-elementor-post-type=\"page\">\n\t\t\t\t<div class=\"elementor-element elementor-element-19c700b e-flex e-con-boxed e-con e-parent\" data-id=\"19c700b\" data-element_type=\"container\" data-e-type=\"container\">\n\t\t\t\t\t<div class=\"e-con-inner\">\n\t\t\t\t<div class=\"elementor-element elementor-element-b322db2 elementor-widget elementor-widget-heading\" data-id=\"b322db2\" data-element_type=\"widget\" data-e-type=\"widget\" data-widget_type=\"heading.default\">\n\t\t\t\t<div class=\"elementor-widget-container\">\n\t\t\t\t\t<h2 class=\"elementor-heading-title elementor-size-default\">Reitabzeichen &amp; Pferdef\u00fchrerschein<\/h2>\t\t\t\t<\/div>\n\t\t\t\t<\/div>\n\t\t\t\t\t<\/div>\n\t\t\t\t<\/div>\n\t\t<div class=\"elementor-element elementor-element-b1f726d e-flex e-con-boxed e-con e-parent\" data-id=\"b1f726d\" data-element_type=\"container\" data-e-type=\"container\">\n\t\t\t\t\t<div class=\"e-con-inner\">\n\t\t\t\t<div class=\"elementor-element elementor-element-ae87d9a elementor-widget elementor-widget-text-editor\" data-id=\"ae87d9a\" data-element_type=\"widget\" data-e-type=\"widget\" data-widget_type=\"text-editor.default\">\n\t\t\t\t<div class=\"elementor-widget-container\">\n\t\t\t\t\t\t\t\t\t<p>Mach dein n\u00e4chstes Ziel wahr \u2013 bei uns kannst du die Reitabzeichen 5 &#8211; 10 und den Pferdef\u00fchrerschein Umgang ablegen!<\/p><p>Der Pferdef\u00fchrerschein ist die Basis f\u00fcr einen sicheren Umgang mit dem Pferd und zugleich Voraussetzung f\u00fcr das Reitabzeichen 4. In unseren Vorbereitungslehrg\u00e4ngen bekommst du alles an die Hand, was du f\u00fcr deine Pr\u00fcfung brauchst: Theorie, Praxis und nat\u00fcrlich jede Menge Spa\u00df im Sattel.<\/p><p>Ob Einsteiger oder Fortgeschrittener \u2013 bei uns findest du die richtige Unterst\u00fctzung, um gemeinsam mit dem Pferd zu wachsen und neue Erfolge zu feiern.<\/p><p>Die aktuellen Termine findest du hier auf unserer Homepage oder direkt bei uns auf Anfrage.<\/p>\t\t\t\t\t\t\t\t<\/div>\n\t\t\t\t<\/div>\n\t\t\t\t\t<\/div>\n\t\t\t\t<\/div>\n\t\t<div class=\"elementor-element elementor-element-e807c9e e-flex e-con-boxed e-con e-parent\" data-id=\"e807c9e\" data-element_type=\"container\" data-e-type=\"container\">\n\t\t\t\t\t<div class=\"e-con-inner\">\n\t\t\t\t<div class=\"elementor-element elementor-element-8b5bb82 elementor-align-center elementor-widget elementor-widget-button\" data-id=\"8b5bb82\" data-element_type=\"widget\" data-e-type=\"widget\" data-widget_type=\"button.default\">\n\t\t\t\t<div class=\"elementor-widget-container\">\n\t\t\t\t\t\t\t\t\t<div class=\"elementor-button-wrapper\">\n\t\t\t\t\t<a class=\"elementor-button elementor-button-link elementor-size-sm\" href=\"https:\/\/wa.me\/message\/T75FZQ6FWKP3C1\">\n\t\t\t\t\t\t<span class=\"elementor-button-content-wrapper\">\n\t\t\t\t\t\t\t\t\t<span class=\"elementor-button-text\">Schreibe uns jetzt an!<\/span>\n\t\t\t\t\t<\/span>\n\t\t\t\t\t<\/a>\n\t\t\t\t<\/div>\n\t\t\t\t\t\t\t\t<\/div>\n\t\t\t\t<\/div>\n\t\t\t\t\t<\/div>\n\t\t\t\t<\/div>\n\t\t<div class=\"elementor-element elementor-element-ccab96f e-flex e-con-boxed e-con e-parent\" data-id=\"ccab96f\" data-element_type=\"container\" data-e-type=\"container\">\n\t\t\t\t\t<div class=\"e-con-inner\">\n\t\t\t\t<div class=\"elementor-element elementor-element-099b1fd elementor-widget elementor-widget-heading\" data-id=\"099b1fd\" data-element_type=\"widget\" data-e-type=\"widget\" data-widget_type=\"heading.default\">\n\t\t\t\t<div class=\"elementor-widget-container\">\n\t\t\t\t\t<h2 class=\"elementor-heading-title elementor-size-default\">Ob Einsteiger oder Fortgeschrittener - bei uns findest du die richtige Unterst\u00fctzung. <\/h2>\t\t\t\t<\/div>\n\t\t\t\t<\/div>\n\t\t\t\t<div class=\"elementor-element elementor-element-c0a31a8 elementor-widget elementor-widget-gallery\" data-id=\"c0a31a8\" data-element_type=\"widget\" data-e-type=\"widget\" data-settings=\"{&quot;lazyload&quot;:&quot;yes&quot;,&quot;gallery_layout&quot;:&quot;grid&quot;,&quot;columns&quot;:4,&quot;columns_tablet&quot;:2,&quot;columns_mobile&quot;:1,&quot;gap&quot;:{&quot;unit&quot;:&quot;px&quot;,&quot;size&quot;:10,&quot;sizes&quot;:[]},&quot;gap_tablet&quot;:{&quot;unit&quot;:&quot;px&quot;,&quot;size&quot;:10,&quot;sizes&quot;:[]},&quot;gap_mobile&quot;:{&quot;unit&quot;:&quot;px&quot;,&quot;size&quot;:10,&quot;sizes&quot;:[]},&quot;link_to&quot;:&quot;file&quot;,&quot;aspect_ratio&quot;:&quot;3:2&quot;,&quot;overlay_background&quot;:&quot;yes&quot;,&quot;content_hover_animation&quot;:&quot;fade-in&quot;}\" data-widget_type=\"gallery.default\">\n\t\t\t\t<div class=\"elementor-widget-container\">\n\t\t\t\t\t\t\t<div class=\"elementor-gallery__container\">\n\t\t\t\t\t\t\t<a class=\"e-gallery-item elementor-gallery-item elementor-animated-content\" href=\"https:\/\/reiten-am-jakobushof.de\/wp-content\/uploads\/2025\/09\/f8da006c-aa82-4e58-9875-a1eb4791f5e6.jpg\" data-elementor-open-lightbox=\"yes\" data-elementor-lightbox-slideshow=\"c0a31a8\" data-elementor-lightbox-title=\"f8da006c-aa82-4e58-9875-a1eb4791f5e6\" data-e-action-hash=\"#elementor-action%3Aaction%3Dlightbox%26settings%3DeyJpZCI6MzAwLCJ1cmwiOiJodHRwczpcL1wvcmVpdGVuLWFtLWpha29idXNob2YuZGVcL3dwLWNvbnRlbnRcL3VwbG9hZHNcLzIwMjVcLzA5XC9mOGRhMDA2Yy1hYTgyLTRlNTgtOTg3NS1hMWViNDc5MWY1ZTYuanBnIiwic2xpZGVzaG93IjoiYzBhMzFhOCJ9\">\n\t\t\t\t\t<div class=\"e-gallery-image elementor-gallery-item__image\" data-thumbnail=\"https:\/\/reiten-am-jakobushof.de\/wp-content\/uploads\/2025\/09\/f8da006c-aa82-4e58-9875-a1eb4791f5e6-225x300.jpg\" data-width=\"225\" data-height=\"300\" aria-label=\"\" role=\"img\" ><\/div>\n\t\t\t\t\t\t\t\t\t\t\t<div class=\"elementor-gallery-item__overlay\"><\/div>\n\t\t\t\t\t\t\t\t\t\t\t\t\t\t<\/a>\n\t\t\t\t\t\t\t<a class=\"e-gallery-item elementor-gallery-item elementor-animated-content\" href=\"https:\/\/reiten-am-jakobushof.de\/wp-content\/uploads\/2025\/09\/c6c84415-16ef-4f7e-9874-650ec68963d0.jpg\" data-elementor-open-lightbox=\"yes\" data-elementor-lightbox-slideshow=\"c0a31a8\" data-elementor-lightbox-title=\"c6c84415-16ef-4f7e-9874-650ec68963d0\" data-e-action-hash=\"#elementor-action%3Aaction%3Dlightbox%26settings%3DeyJpZCI6Mjk5LCJ1cmwiOiJodHRwczpcL1wvcmVpdGVuLWFtLWpha29idXNob2YuZGVcL3dwLWNvbnRlbnRcL3VwbG9hZHNcLzIwMjVcLzA5XC9jNmM4NDQxNS0xNmVmLTRmN2UtOTg3NC02NTBlYzY4OTYzZDAuanBnIiwic2xpZGVzaG93IjoiYzBhMzFhOCJ9\">\n\t\t\t\t\t<div class=\"e-gallery-image elementor-gallery-item__image\" data-thumbnail=\"https:\/\/reiten-am-jakobushof.de\/wp-content\/uploads\/2025\/09\/c6c84415-16ef-4f7e-9874-650ec68963d0-300x225.jpg\" data-width=\"300\" data-height=\"225\" aria-label=\"\" role=\"img\" ><\/div>\n\t\t\t\t\t\t\t\t\t\t\t<div class=\"elementor-gallery-item__overlay\"><\/div>\n\t\t\t\t\t\t\t\t\t\t\t\t\t\t<\/a>\n\t\t\t\t\t\t\t<a class=\"e-gallery-item elementor-gallery-item elementor-animated-content\" href=\"https:\/\/reiten-am-jakobushof.de\/wp-content\/uploads\/2025\/09\/a74b2a5e-906e-4522-a327-c32ae64c002c.jpg\" data-elementor-open-lightbox=\"yes\" data-elementor-lightbox-slideshow=\"c0a31a8\" data-elementor-lightbox-title=\"a74b2a5e-906e-4522-a327-c32ae64c002c\" data-e-action-hash=\"#elementor-action%3Aaction%3Dlightbox%26settings%3DeyJpZCI6Mjk4LCJ1cmwiOiJodHRwczpcL1wvcmVpdGVuLWFtLWpha29idXNob2YuZGVcL3dwLWNvbnRlbnRcL3VwbG9hZHNcLzIwMjVcLzA5XC9hNzRiMmE1ZS05MDZlLTQ1MjItYTMyNy1jMzJhZTY0YzAwMmMuanBnIiwic2xpZGVzaG93IjoiYzBhMzFhOCJ9\">\n\t\t\t\t\t<div class=\"e-gallery-image elementor-gallery-item__image\" data-thumbnail=\"https:\/\/reiten-am-jakobushof.de\/wp-content\/uploads\/2025\/09\/a74b2a5e-906e-4522-a327-c32ae64c002c-300x225.jpg\" data-width=\"300\" data-height=\"225\" aria-label=\"\" role=\"img\" ><\/div>\n\t\t\t\t\t\t\t\t\t\t\t<div class=\"elementor-gallery-item__overlay\"><\/div>\n\t\t\t\t\t\t\t\t\t\t\t\t\t\t<\/a>\n\t\t\t\t\t\t\t<a class=\"e-gallery-item elementor-gallery-item elementor-animated-content\" href=\"https:\/\/reiten-am-jakobushof.de\/wp-content\/uploads\/2025\/09\/a09dfea2-5c2a-4724-93ba-8b845f3551f9.jpg\" data-elementor-open-lightbox=\"yes\" data-elementor-lightbox-slideshow=\"c0a31a8\" data-elementor-lightbox-title=\"a09dfea2-5c2a-4724-93ba-8b845f3551f9\" data-e-action-hash=\"#elementor-action%3Aaction%3Dlightbox%26settings%3DeyJpZCI6Mjk3LCJ1cmwiOiJodHRwczpcL1wvcmVpdGVuLWFtLWpha29idXNob2YuZGVcL3dwLWNvbnRlbnRcL3VwbG9hZHNcLzIwMjVcLzA5XC9hMDlkZmVhMi01YzJhLTQ3MjQtOTNiYS04Yjg0NWYzNTUxZjkuanBnIiwic2xpZGVzaG93IjoiYzBhMzFhOCJ9\">\n\t\t\t\t\t<div class=\"e-gallery-image elementor-gallery-item__image\" data-thumbnail=\"https:\/\/reiten-am-jakobushof.de\/wp-content\/uploads\/2025\/09\/a09dfea2-5c2a-4724-93ba-8b845f3551f9-300x225.jpg\" data-width=\"300\" data-height=\"225\" aria-label=\"\" role=\"img\" ><\/div>\n\t\t\t\t\t\t\t\t\t\t\t<div class=\"elementor-gallery-item__overlay\"><\/div>\n\t\t\t\t\t\t\t\t\t\t\t\t\t\t<\/a>\n\t\t\t\t\t\t\t<a class=\"e-gallery-item elementor-gallery-item elementor-animated-content\" href=\"https:\/\/reiten-am-jakobushof.de\/wp-content\/uploads\/2025\/09\/a8e948e1-6e3e-40f9-b40d-3bb18a7315c4.jpg\" data-elementor-open-lightbox=\"yes\" data-elementor-lightbox-slideshow=\"c0a31a8\" data-elementor-lightbox-title=\"a8e948e1-6e3e-40f9-b40d-3bb18a7315c4\" data-e-action-hash=\"#elementor-action%3Aaction%3Dlightbox%26settings%3DeyJpZCI6Mjk2LCJ1cmwiOiJodHRwczpcL1wvcmVpdGVuLWFtLWpha29idXNob2YuZGVcL3dwLWNvbnRlbnRcL3VwbG9hZHNcLzIwMjVcLzA5XC9hOGU5NDhlMS02ZTNlLTQwZjktYjQwZC0zYmIxOGE3MzE1YzQuanBnIiwic2xpZGVzaG93IjoiYzBhMzFhOCJ9\">\n\t\t\t\t\t<div class=\"e-gallery-image elementor-gallery-item__image\" data-thumbnail=\"https:\/\/reiten-am-jakobushof.de\/wp-content\/uploads\/2025\/09\/a8e948e1-6e3e-40f9-b40d-3bb18a7315c4-300x225.jpg\" data-width=\"300\" data-height=\"225\" aria-label=\"\" role=\"img\" ><\/div>\n\t\t\t\t\t\t\t\t\t\t\t<div class=\"elementor-gallery-item__overlay\"><\/div>\n\t\t\t\t\t\t\t\t\t\t\t\t\t\t<\/a>\n\t\t\t\t\t\t\t<a class=\"e-gallery-item elementor-gallery-item elementor-animated-content\" href=\"https:\/\/reiten-am-jakobushof.de\/wp-content\/uploads\/2025\/09\/74012337-3157-43e3-a5ac-28f183a4d454.jpg\" data-elementor-open-lightbox=\"yes\" data-elementor-lightbox-slideshow=\"c0a31a8\" data-elementor-lightbox-title=\"74012337-3157-43e3-a5ac-28f183a4d454\" data-e-action-hash=\"#elementor-action%3Aaction%3Dlightbox%26settings%3DeyJpZCI6Mjk1LCJ1cmwiOiJodHRwczpcL1wvcmVpdGVuLWFtLWpha29idXNob2YuZGVcL3dwLWNvbnRlbnRcL3VwbG9hZHNcLzIwMjVcLzA5XC83NDAxMjMzNy0zMTU3LTQzZTMtYTVhYy0yOGYxODNhNGQ0NTQuanBnIiwic2xpZGVzaG93IjoiYzBhMzFhOCJ9\">\n\t\t\t\t\t<div class=\"e-gallery-image elementor-gallery-item__image\" data-thumbnail=\"https:\/\/reiten-am-jakobushof.de\/wp-content\/uploads\/2025\/09\/74012337-3157-43e3-a5ac-28f183a4d454-300x225.jpg\" data-width=\"300\" data-height=\"225\" aria-label=\"\" role=\"img\" ><\/div>\n\t\t\t\t\t\t\t\t\t\t\t<div class=\"elementor-gallery-item__overlay\"><\/div>\n\t\t\t\t\t\t\t\t\t\t\t\t\t\t<\/a>\n\t\t\t\t\t\t\t<a class=\"e-gallery-item elementor-gallery-item elementor-animated-content\" href=\"https:\/\/reiten-am-jakobushof.de\/wp-content\/uploads\/2025\/09\/120d300c-c447-485e-9411-44439e3a4be0.jpg\" data-elementor-open-lightbox=\"yes\" data-elementor-lightbox-slideshow=\"c0a31a8\" data-elementor-lightbox-title=\"120d300c-c447-485e-9411-44439e3a4be0\" data-e-action-hash=\"#elementor-action%3Aaction%3Dlightbox%26settings%3DeyJpZCI6Mjk0LCJ1cmwiOiJodHRwczpcL1wvcmVpdGVuLWFtLWpha29idXNob2YuZGVcL3dwLWNvbnRlbnRcL3VwbG9hZHNcLzIwMjVcLzA5XC8xMjBkMzAwYy1jNDQ3LTQ4NWUtOTQxMS00NDQzOWUzYTRiZTAuanBnIiwic2xpZGVzaG93IjoiYzBhMzFhOCJ9\">\n\t\t\t\t\t<div class=\"e-gallery-image elementor-gallery-item__image\" data-thumbnail=\"https:\/\/reiten-am-jakobushof.de\/wp-content\/uploads\/2025\/09\/120d300c-c447-485e-9411-44439e3a4be0-300x225.jpg\" data-width=\"300\" data-height=\"225\" aria-label=\"\" role=\"img\" ><\/div>\n\t\t\t\t\t\t\t\t\t\t\t<div class=\"elementor-gallery-item__overlay\"><\/div>\n\t\t\t\t\t\t\t\t\t\t\t\t\t\t<\/a>\n\t\t\t\t\t\t\t<a class=\"e-gallery-item elementor-gallery-item elementor-animated-content\" href=\"https:\/\/reiten-am-jakobushof.de\/wp-content\/uploads\/2025\/09\/32ae803b-22e7-4a2a-b813-90d096723172.jpg\" data-elementor-open-lightbox=\"yes\" data-elementor-lightbox-slideshow=\"c0a31a8\" data-elementor-lightbox-title=\"32ae803b-22e7-4a2a-b813-90d096723172\" data-e-action-hash=\"#elementor-action%3Aaction%3Dlightbox%26settings%3DeyJpZCI6MjkzLCJ1cmwiOiJodHRwczpcL1wvcmVpdGVuLWFtLWpha29idXNob2YuZGVcL3dwLWNvbnRlbnRcL3VwbG9hZHNcLzIwMjVcLzA5XC8zMmFlODAzYi0yMmU3LTRhMmEtYjgxMy05MGQwOTY3MjMxNzIuanBnIiwic2xpZGVzaG93IjoiYzBhMzFhOCJ9\">\n\t\t\t\t\t<div class=\"e-gallery-image elementor-gallery-item__image\" data-thumbnail=\"https:\/\/reiten-am-jakobushof.de\/wp-content\/uploads\/2025\/09\/32ae803b-22e7-4a2a-b813-90d096723172-225x300.jpg\" data-width=\"225\" data-height=\"300\" aria-label=\"\" role=\"img\" ><\/div>\n\t\t\t\t\t\t\t\t\t\t\t<div class=\"elementor-gallery-item__overlay\"><\/div>\n\t\t\t\t\t\t\t\t\t\t\t\t\t\t<\/a>\n\t\t\t\t\t\t\t<a class=\"e-gallery-item elementor-gallery-item elementor-animated-content\" href=\"https:\/\/reiten-am-jakobushof.de\/wp-content\/uploads\/2025\/09\/9d52e548-083a-4d97-9dcc-ba831909bcaa.jpg\" data-elementor-open-lightbox=\"yes\" data-elementor-lightbox-slideshow=\"c0a31a8\" data-elementor-lightbox-title=\"9d52e548-083a-4d97-9dcc-ba831909bcaa\" data-e-action-hash=\"#elementor-action%3Aaction%3Dlightbox%26settings%3DeyJpZCI6MjkyLCJ1cmwiOiJodHRwczpcL1wvcmVpdGVuLWFtLWpha29idXNob2YuZGVcL3dwLWNvbnRlbnRcL3VwbG9hZHNcLzIwMjVcLzA5XC85ZDUyZTU0OC0wODNhLTRkOTctOWRjYy1iYTgzMTkwOWJjYWEuanBnIiwic2xpZGVzaG93IjoiYzBhMzFhOCJ9\">\n\t\t\t\t\t<div class=\"e-gallery-image elementor-gallery-item__image\" data-thumbnail=\"https:\/\/reiten-am-jakobushof.de\/wp-content\/uploads\/2025\/09\/9d52e548-083a-4d97-9dcc-ba831909bcaa-225x300.jpg\" data-width=\"225\" data-height=\"300\" aria-label=\"\" role=\"img\" ><\/div>\n\t\t\t\t\t\t\t\t\t\t\t<div class=\"elementor-gallery-item__overlay\"><\/div>\n\t\t\t\t\t\t\t\t\t\t\t\t\t\t<\/a>\n\t\t\t\t\t\t\t<a class=\"e-gallery-item elementor-gallery-item elementor-animated-content\" href=\"https:\/\/reiten-am-jakobushof.de\/wp-content\/uploads\/2025\/09\/8c107791-62c5-4f67-a832-e338dd13aceb.jpg\" data-elementor-open-lightbox=\"yes\" data-elementor-lightbox-slideshow=\"c0a31a8\" data-elementor-lightbox-title=\"8c107791-62c5-4f67-a832-e338dd13aceb\" data-e-action-hash=\"#elementor-action%3Aaction%3Dlightbox%26settings%3DeyJpZCI6MjkxLCJ1cmwiOiJodHRwczpcL1wvcmVpdGVuLWFtLWpha29idXNob2YuZGVcL3dwLWNvbnRlbnRcL3VwbG9hZHNcLzIwMjVcLzA5XC84YzEwNzc5MS02MmM1LTRmNjctYTgzMi1lMzM4ZGQxM2FjZWIuanBnIiwic2xpZGVzaG93IjoiYzBhMzFhOCJ9\">\n\t\t\t\t\t<div class=\"e-gallery-image elementor-gallery-item__image\" data-thumbnail=\"https:\/\/reiten-am-jakobushof.de\/wp-content\/uploads\/2025\/09\/8c107791-62c5-4f67-a832-e338dd13aceb-300x225.jpg\" data-width=\"300\" data-height=\"225\" aria-label=\"\" role=\"img\" ><\/div>\n\t\t\t\t\t\t\t\t\t\t\t<div class=\"elementor-gallery-item__overlay\"><\/div>\n\t\t\t\t\t\t\t\t\t\t\t\t\t\t<\/a>\n\t\t\t\t\t\t\t<a class=\"e-gallery-item elementor-gallery-item elementor-animated-content\" href=\"https:\/\/reiten-am-jakobushof.de\/wp-content\/uploads\/2025\/09\/6b27cb00-5030-4c17-b0d2-e246cdc63f1e.jpg\" data-elementor-open-lightbox=\"yes\" data-elementor-lightbox-slideshow=\"c0a31a8\" data-elementor-lightbox-title=\"6b27cb00-5030-4c17-b0d2-e246cdc63f1e\" data-e-action-hash=\"#elementor-action%3Aaction%3Dlightbox%26settings%3DeyJpZCI6MjkwLCJ1cmwiOiJodHRwczpcL1wvcmVpdGVuLWFtLWpha29idXNob2YuZGVcL3dwLWNvbnRlbnRcL3VwbG9hZHNcLzIwMjVcLzA5XC82YjI3Y2IwMC01MDMwLTRjMTctYjBkMi1lMjQ2Y2RjNjNmMWUuanBnIiwic2xpZGVzaG93IjoiYzBhMzFhOCJ9\">\n\t\t\t\t\t<div class=\"e-gallery-image elementor-gallery-item__image\" data-thumbnail=\"https:\/\/reiten-am-jakobushof.de\/wp-content\/uploads\/2025\/09\/6b27cb00-5030-4c17-b0d2-e246cdc63f1e-300x225.jpg\" data-width=\"300\" data-height=\"225\" aria-label=\"\" role=\"img\" ><\/div>\n\t\t\t\t\t\t\t\t\t\t\t<div class=\"elementor-gallery-item__overlay\"><\/div>\n\t\t\t\t\t\t\t\t\t\t\t\t\t\t<\/a>\n\t\t\t\t\t\t\t<a class=\"e-gallery-item elementor-gallery-item elementor-animated-content\" href=\"https:\/\/reiten-am-jakobushof.de\/wp-content\/uploads\/2025\/09\/4ca5910b-6b42-448c-8bab-f9683dce2b41.jpg\" data-elementor-open-lightbox=\"yes\" data-elementor-lightbox-slideshow=\"c0a31a8\" data-elementor-lightbox-title=\"4ca5910b-6b42-448c-8bab-f9683dce2b41\" data-e-action-hash=\"#elementor-action%3Aaction%3Dlightbox%26settings%3DeyJpZCI6Mjg5LCJ1cmwiOiJodHRwczpcL1wvcmVpdGVuLWFtLWpha29idXNob2YuZGVcL3dwLWNvbnRlbnRcL3VwbG9hZHNcLzIwMjVcLzA5XC80Y2E1OTEwYi02YjQyLTQ0OGMtOGJhYi1mOTY4M2RjZTJiNDEuanBnIiwic2xpZGVzaG93IjoiYzBhMzFhOCJ9\">\n\t\t\t\t\t<div class=\"e-gallery-image elementor-gallery-item__image\" data-thumbnail=\"https:\/\/reiten-am-jakobushof.de\/wp-content\/uploads\/2025\/09\/4ca5910b-6b42-448c-8bab-f9683dce2b41-300x225.jpg\" data-width=\"300\" data-height=\"225\" aria-label=\"\" role=\"img\" ><\/div>\n\t\t\t\t\t\t\t\t\t\t\t<div class=\"elementor-gallery-item__overlay\"><\/div>\n\t\t\t\t\t\t\t\t\t\t\t\t\t\t<\/a>\n\t\t\t\t\t<\/div>\n\t\t\t\t\t<\/div>\n\t\t\t\t<\/div>\n\t\t\t\t\t<\/div>\n\t\t\t\t<\/div>\n\t\t<div class=\"elementor-element elementor-element-4a841e1 e-flex e-con-boxed e-con e-parent\" data-id=\"4a841e1\" data-element_type=\"container\" data-e-type=\"container\">\n\t\t\t\t\t<div class=\"e-con-inner\">\n\t\t\t\t\t<\/div>\n\t\t\t\t<\/div>\n\t\t<div class=\"elementor-element elementor-element-e9ea87b e-flex e-con-boxed e-con e-parent\" data-id=\"e9ea87b\" data-element_type=\"container\" data-e-type=\"container\">\n\t\t\t\t\t<div class=\"e-con-inner\">\n\t\t\t\t\t<\/div>\n\t\t\t\t<\/div>\n\t\t\t\t<\/div>\n\t\t","protected":false},"excerpt":{"rendered":"<p>Reitabzeichen &amp; Pferdef\u00fchrerschein Mach dein n\u00e4chstes Ziel wahr \u2013 bei uns kannst du die Reitabzeichen 5 &#8211; 10 und den Pferdef\u00fchrerschein Umgang ablegen! Der Pferdef\u00fchrerschein ist die Basis f\u00fcr einen sicheren Umgang mit dem Pferd und zugleich Voraussetzung f\u00fcr das Reitabzeichen 4. In unseren Vorbereitungslehrg\u00e4ngen bekommst du alles an die Hand, was du f\u00fcr deine [&hellip;]<\/p>\n","protected":false},"author":1,"featured_media":0,"parent":0,"menu_order":0,"comment_status":"closed","ping_status":"closed","template":"","meta":{"footnotes":""},"class_list":["post-287","page","type-page","status-publish","hentry"],"_links":{"self":[{"href":"https:\/\/reiten-am-jakobushof.de\/index.php?rest_route=\/wp\/v2\/pages\/287","targetHints":{"allow":["GET"]}}],"collection":[{"href":"https:\/\/reiten-am-jakobushof.de\/index.php?rest_route=\/wp\/v2\/pages"}],"about":[{"href":"https:\/\/reiten-am-jakobushof.de\/index.php?rest_route=\/wp\/v2\/types\/page"}],"author":[{"embeddable":true,"href":"https:\/\/reiten-am-jakobushof.de\/index.php?rest_route=\/wp\/v2\/users\/1"}],"replies":[{"embeddable":true,"href":"https:\/\/reiten-am-jakobushof.de\/index.php?rest_route=%2Fwp%2Fv2%2Fcomments&post=287"}],"version-history":[{"count":46,"href":"https:\/\/reiten-am-jakobushof.de\/index.php?rest_route=\/wp\/v2\/pages\/287\/revisions"}],"predecessor-version":[{"id":834,"href":"https:\/\/reiten-am-jakobushof.de\/index.php?rest_route=\/wp\/v2\/pages\/287\/revisions\/834"}],"wp:attachment":[{"href":"https:\/\/reiten-am-jakobushof.de\/index.php?rest_route=%2Fwp%2Fv2%2Fmedia&parent=287"}],"curies":[{"name":"wp","href":"https:\/\/api.w.org\/{rel}","templated":true}]}}